a)).
2, 13
What are the prime factors of 15465/10 + 4/8?
7, 13, 17
Let x(j) = -j**3 - 2*j - 64. Let r be x(0). List the prime factors of r/(-2) - 3 - 2.
3
Let k(b) = 2*b - 14. Let m be k(8). Suppose r + m*r = -2*j - 7, 4 = 2*r - 3*j. What are the prime factors of -1*r*(-99)/(-3)?
3, 11
Let q(w) = -23*w - 7. Let o be q(-2). Let u be 6/o + 80/(-13). Let f(a) = -13*a - 15. What are the prime factors of f(u)?
3, 7
Let k = -44 - -46. Suppose 0 = k*q + m - 0*m - 130, q - 3*m - 58 = 0. List the prime factors of q.
2
Let u = 239 - 76. List the prime factors of u.
163
Suppose 3*l - 19 + 4 = 0. Suppose -k + 2*k - 91 = -3*a, 2*k - 153 = -l*a. What are the prime factors of a?
29
Let k(w) = -28*w - 7. Let x be k(-8). Suppose 3*i - m - x = m, 0 = -m + 1. List the prime factors of i.
73
Let h(l) be the first derivative of -l**3/2 - 5*l**2/2 + 4*l - 5. Let n(j) be the first derivative of h(j). What are the prime factors of n(-5)?
2, 5
Let t = 351 - -94. What are the prime factors of t?
5, 89
Suppose -l - 14*o + 11*o = -189, 3*l = -5*o + 559. What are the prime factors of l?
3, 61
Let f(d) = -9. Let v(g) = g - 1. Let i(s) = -f(s) + 6*v(s). Let t be i(-5). Let b = 52 + t. What are the prime factors of b?
5
Let c = 822 + -167. List the prime factors of c.
5, 131
Suppose 0 = -a + 4*q + 262, 0*q = 2*a + 2*q - 544. What are the prime factors of a?
2, 3, 5
List the prime factors of 227/((-5 + 2)/(-3)) - 4.
223
Let k = 87 + -67. What are the prime factors of k?
2, 5
Suppose 49 = -13*x - 16. Let l(t) be the second derivative of -t**4/12 - 4*t**3/3 - 5*t**2/2 - 2*t. What are the prime factors of l(x)?
2, 5
Let s(a) = 12*a**2 + 20*a - 26. List the prime factors of s(-10).
2, 487
Let k be -4 - (-6 - -1)*2. Suppose m = 2, 0 = 5*a - 3*m - 0*m + k. Suppose 3*q + a*q - c = 148, -152 = -3*q + 2*c. List the prime factors of q.
2, 3
Let b be 1/(-3)*(240/5)/(-4). Suppose -b*h = 4*h - 1096. List the prime factors of h.
137
Suppose -3*w + 106 = -k, -4 = 2*k + 2*k. Suppose 3 = 2*z + w. What are the prime factors of ((-39)/12)/(2/z)?
2, 13
Let l(n) = 0 + 6*n**3 + 3 - n**2 + 2*n - 5*n. Let f be l(2). Suppose 4*r + 64 = 4*b, -2*b + 6*r + f = r. List the prime factors of b.
13
Let a = 146 + 251. List the prime factors of a.
397
Let j(m) = m**2 + 13*m + 8. Let s be j(-9). Let q = s + 25. List the prime factors of q/(-2) + 292/8.
2, 19
Let c be (-16)/(-6)*18/4. Suppose 0 = -11*a + c*a - 5. Suppose a*k = 6 + 14. What are the prime factors of k?
2
Suppose -13*a + 17*a - 404 = 0. List the prime factors of a.
101
Let s(p) = 8*p + 12. Let d(l) = 15*l + 23. Let n(j) = 6*d(j) - 11*s(j). Let k be n(-6). Let f(a) = -a. List the prime factors of f(k).
2, 3
Let c be (-8)/(-5)*(-10280)/(-16). Let h be (-5)/(-15) + c/(-6). What are the prime factors of h/(-6) - (-2)/4?
29
Suppose 0 = -75*o + 12129 + 201621. What are the prime factors of o?
2, 3, 5, 19
Suppose -50 - 245 = 4*l - 5*z, 2*l + 3*z = -175. Let a = 30 - l. List the prime factors of a.
2, 5, 11
Let w = -1154 - -2533. What are the prime factors of w?
7, 197
Suppose -4*n = -a + 8, 2*a - 7 - 3 = 2*n. Suppose -15 + 47 = a*w. What are the prime factors of w?
2
Suppose 0 = -m + 22 - 164. Let s = m + 58. List the prime factors of 12/7*s/(-8).
2, 3
Let r(m) = m**3 - 7*m**2 + 6*m - 6. Let z be r(6). Let l be (-21)/z + (-5)/(-10). Suppose -5 - 47 = -l*t. List the prime factors of t.
13
Suppose 2*u + 11 = -v, u = -3*v - 17 - 1. Let q(t) = 10*t**2 + t. What are the prime factors of q(u)?
3, 29
Let t(a) be the third derivative of a**4/24 + 4*a**3/3 - 2*a**2. List the prime factors of t(0).
2
Suppose 3*m - 4825 = 2*c - 4*c, 4*c - 4*m - 9640 = 0. What are the prime factors of c?
2411
Let v = -1 + 0. Suppose 36*o = 31*o + 20. List the prime factors of 93/o + v/4.
23
Let p = 86 + -21. Let w = p - 29. List the prime factors of w.
2, 3
Suppose 5*p + 4*w = 58 + 62, -3*p + 4*w = -72. Let b be (-190)/(-6) - 16/p. Let r = -16 + b. List the prime factors of r.
3, 5
Suppose -510 = -3*c + 8*c. Let g be 1/(2/c) + -2. Let k = 122 + g. What are the prime factors of k?
3, 23
Let h(v) be the third derivative of -v**4/24 + 25*v**3 + 2*v**2. Let d be h(0). Suppose 34 = -4*s + d. List the prime factors of s.
29
What are the prime factors of -6 + -1 + -3 + 383?
373
Let k = -135 - -942. What are the prime factors of k?
3, 269
Suppose -s - 6*m = -2*m - 3337, -4*s = -4*m - 13428. List the prime factors of s.
7, 479
Let h be 10/4*(-24)/(-30). Suppose -3*c + 0*p + h*p = -374, 3*c = -5*p + 409. What are the prime factors of 2/((-508)/c - -4)?
2
Let h be 6/(-4)*(-18)/(-27). Let g(u) = -6*u**3 - 2*u**2 + 1. Let c be g(h). Suppose -4*p + 5*p = c. List the prime factors of p.
5
Suppose -2*i - 15 = 3*i. What are the prime factors of 5/(45/519) + 2/i?
3, 19
What are the prime factors of 8946/35 + 39/(-65)?
3, 5, 17
Let o(w) = 39*w + 197. What are the prime factors of o(14)?
743
Suppose -5*p = -15, 2*p = 3*f + p - 2541. What are the prime factors of f?
2, 53
Let m(d) = -d**3 + 16*d**2 + 23*d - 25. Let t be m(17). Suppose t = 2*j - 11. What are the prime factors of j?
2, 11
Let u = 29 + -30. List the prime factors of u - (2 - 0 - 81).
2, 3, 13
Suppose -5*z + 15 = 0, -4*n + 5*z - z = 4. Suppose a - 61 = 2*x, 0 = -3*x - 0*a + n*a - 89. List the prime factors of 1504/44 - (-6)/x.
2, 17
Suppose -3*g - 8 = q - 2*q, q - g = 4. Let t(x) = 3*x**3 + 2*x**2 - x + 3. What are the prime factors of t(q)?
3, 11
Suppose 5*n - 1780 = -5*a, 9*a = 13*a - 4*n - 1432. List the prime factors of a.
3, 7, 17
Let s(p) = -p**3 - 10*p**2 - 7*p + 21. Suppose -2*i - 8 = 10. Let j be s(i). Suppose -162 = h - j*h. What are the prime factors of h?
3
Let x = 1610 - 274. What are the prime factors of x?
2, 167
What are the prime factors of 12/20 - 31348/(-20)?
2, 7
Suppose -5*j + 1049 = -a + 4*a, 1736 = 5*a - 4*j. What are the prime factors of a?
2, 3, 29
Suppose i - 6 - 8 = 0. Let l be (175/i)/(2/4). Suppose -11 = -g + l. What are the prime factors of g?
2, 3
Suppose 4*o - 99 = -i + 13, 0 = 5*i - 4*o - 440. List the prime factors of i.
2, 23
List the prime factors of (15/(-6))/((-20)/9232).
2, 577
List the prime factors of -1*(-69)/3*(-1015)/(-35).
23, 29
Suppose 11 = -4*o - 2*w + 1, w = 4*o + 1. What are the prime factors of ((-11)/22)/(o/198)?
3, 11
Suppose -l = t - 0*t, 4*t - 4*l - 16 = 0. What are the prime factors of ((-24)/(-4))/(t - 1)?
2, 3
Let l(n) = n**3 + 4*n**2 + 21*n - 18 - 2*n**2 - 20*n**2. Let t be l(17). Suppose 0 = 5*m + 5*f - t, 3*f - 2*f + 55 = 4*m. List the prime factors of m.
13
Let z be ((-3)/(-6))/(-1)*0. Suppose z = 5*i - 226 - 469. What are the prime factors of i?
139
Let r(w) = -13 - w + 2*w + 3*w. Let n = -227 + 241. List the prime factors of r(n).
43
Suppose -15*b = 2652 - 12807. List the prime factors of b.
677
Let j(c) = -c**3 - 15*c**2 - 14*c + 6. Let s be j(-14). Let z = 0 + s. What are the prime factors of z?
2, 3
Let u be (-4)/(-3)*(-18)/(-8). Suppose -2*b + 998 = 3*b - u*z, 5*b = 2*z + 997. List the prime factors of b.
199
Let c be (-60)/(-18)*(-3)/(-1). Suppose -2*u = -3*g + c, -u + 6*u - 25 = -5*g. Let x = g + 2. What are the prime factors of x?
2, 3
List the prime factors of (6/15 - (-1287)/45)*16.
2, 29
Suppose -y - 5*y = -954. Suppose y = 5*m - 251. What are the prime factors of m?
2, 41
Let s be (-1 - -2)/2*-28. Let h be (3 - 0)*(s - -34). Suppose h = -5*v + 210. List the prime factors of v.
2, 3, 5
Let s(g) = -12*g + 1. Let w(f) = -f**3 + 2 + 11*f + 7*f - 22*f + 3*f**2. Let j be w(2). What are the prime factors of s(j)?
5
Suppose -2*o + 2583 = n, -2*o - 11*n + 8*n + 2581 = 0. List the prime factors of o.
2, 17, 19
Suppose 0*x - 3*x - 5*r - 10 = 0, 0 = 5*x + r - 20. Let j(h) = -h + 1. Let a be j(x). List the prime factors of (3 - a/(-4)) + 14.
2
Suppose -2*i + 34 = -5*p, 4*p = -2*i + p + 34. Let o = 64 + i. List the prime factors of o.
3
Let m = 341 - 511. Let v = m - -244. Suppose -5*o = -4*l - v, -3*l = 3*o - 106 + 40. List the prime factors of o.
2, 3
Let b(n) = -n**3 - 11*n**2 + 15*n + 15. Let j be b(-12). What are the prime factors of 12/4 - (j - 2/1)?
2, 13
Let s be (-14)/(-105) - 266/(-30). What are the prime factors of (2 - (-156)/s)*(3 + 0)?
2, 29
Let y = 13 + -10. Suppose 4*f = y*x - 0*f - 551, -x + 4*f + 181 = 0. Suppose -x = -3*g - 5*p, -2*g - 3*g - 5*p + 295 = 0. 